 is divided by d?
47
Let j = 20362 + -20246. Calculate the remainder when 1154 is divided by j.
110
Let h(i) = i**3 - 5*i**2 + 7*i - 7. Suppose -1 = -3*l + 17. Calculate the remainder when h(l) is divided by 23 - ((-6)/(-21)*14 + 10 + -12)*-1.
21
Let z = 48 + -46. Suppose z*d = 7*d + 10. What is the remainder when 55 is divided by (-3 - d - -7)*10/3?
15
Let q(h) = -h**3 + 15*h**2 + 9*h - 12. Let f(z) = z**2 - 28*z - 114. Let u be f(32). Calculate the remainder when q(u) is divided by 13.
11
Suppose -5*j + 88 = -7. Suppose -3*z + j = -0*l - l, -z + 5*l = -25. Suppose -3*c + i + 75 = 3*i, c - 25 = -z*i. What is the remainder when c is divided by 9?
7
Suppose 19*y - 18 - 39 = 0. Suppose y*p = 4*m - 171, 188 + 40 = 5*m + p. Calculate the remainder when 176 is divided by m.
41
Let o be ((-16)/(-6))/((-20)/(-30)). Suppose -o = 3*b - b + 5*s, 0 = 3*s + 6. Suppose -b*n + 375 = 2*n. Calculate the remainder when n is divided by 13.
10
Suppose -192*h + 1542 = -194*h. Calculate the remainder when (-72)/(-1) - (-7 - -10) is divided by (-5)/(340/8) + h/(-51).
9
Suppose -325 = l + 4*l. Let v = 683 - 535. Let z = v + l. Calculate the remainder when z is divided by 12.
11
Suppose 3*f = -3*d + 4674, 165*f - 2*d = 166*f - 1549. What is the remainder when f is divided by 58?
1
Suppose -b + i = -570, -10*i + 13*i = 9. Suppose 69*v + 896 = 83*v. What is the remainder when b is divided by v?
61
Let l be (-72)/40*(-425)/15. Suppose -82*o = -85*o + l. Calculate the remainder when 32 is divided by o.
15
Let k(v) = -v**2 + 16*v - 24. Let u(p) = 2*p**2 - 16*p - 12. Let m be u(9). Suppose m*d = 25 + 53. What is the remainder when k(d) is divided by 9?
6
Suppose -87 - 489 = -9*k. Suppose 47*r - 36*r - 242 = 0. Calculate the remainder when k is divided by r.
20
Let q = -1 - -11. Let i(r) = -4*r**2 - 3*r - 11. Let j(k) = -5*k**2 - 3*k - 10. Let c(d) = -7*i(d) + 6*j(d). What is the remainder when c(0) is divided by q?
7
Let r = 2595 + -1684. Let v = r + -890. Calculate the remainder when 82 is divided by v.
19
Let g = 1669 - -157. What is the remainder when g is divided by 31?
28
Let q = 14165 - 13794. Calculate the remainder when q is divided by 102.
65
Suppose g - 1 = 182. Suppose -5*w = 20, 3*m - 230*w + 227*w - 291 = 0. Calculate the remainder when g is divided by m.
90
Let z = 193 + -191. Suppose -z*d + 0*b = -5*b - 26, -5*b = -d + 3. What is the remainder when 68 is divided by d?
22
Let f be 1*(-9)/(-2)*(-44)/(-3). Suppose 0 = 4*y - f - 78. Let a = 51 - y. What is the remainder when 57 is divided by a?
12
Let q = 238 + -227. What is the remainder when q is divided by 3 - (-9 + 5 + (2 - 4))?
2
Let p(v) be the first derivative of -v**4/4 - 5*v**3/3 - 2*v**2 + 3*v + 71. Calculate the remainder when 61 is divided by p(-5).
15
Suppose s + 19*k - 498 = 0, s = -2*k + 231 + 284. What is the remainder when s is divided by 43?
1
Let n = -8308 - -8654. What is the remainder when 361 is divided by n?
15
Let g = 54 + -89. Let i = -24 - 5. Let m = i - g. Calculate the remainder when 21 is divided by m.
3
Suppose 37 = -4*g + 289. Let t = -414467 + 414478. Calculate the remainder when g is divided by t.
8
Suppose -51*z = -55*z + 16. Suppose z*f + 17 = 5*f + 5*l, -44 = -4*f + 4*l. Suppose -11 - 24 = -5*y. Calculate the remainder when f is divided by y.
5
Let i = 833 + -812. Suppose -2*z - 5*x = -141, -7*x = -3*x + 20. Calculate the remainder when z is divided by i.
20
Let r(a) = 12*a - 13. Let x(c) = 11*c - 12. Let f(u) = -5*r(u) + 6*x(u). Let n be f(-5). Let h = 60 + n. Calculate the remainder when h is divided by 13.
10
Suppose 39 + 10 = n. Suppose -4*r - 3*x = -303, r - 5*x - 21 - n = 0. Calculate the remainder when 45 is divided by (-1)/2 + r/6.
9
Let g(f) = 2*f**2 + 2*f + 1. Suppose 4*j - 16 = 2*y - 5*y, -2*y + 5*j = 20. Let n be g(y). What is the remainder when (n - 22)/(7/(-42)) is divided by 43?
40
Let g = 6732 - 6629. Calculate the remainder when 1748 is divided by g.
100
Suppose 23*j + 7679 = -104561. Calculate the remainder when (0 - (-2)/(-9)) + j/(-90) is divided by 5.
4
Suppose -3*g = g - 372. Calculate the remainder when (4/(-6))/((-2)/g) is divided by ((-6)/20*-2 + 333/(-11655))*7.
3
Let v(c) = -2*c**3 - 5*c**2 + 41*c - 59. What is the remainder when v(-8) is divided by 80?
77
Suppose -75 = 140*c + 118*c - 7041. What is the remainder when 450 is divided by c?
18
Suppose -4414 = -18*r + 1994. What is the remainder when 1077 is divided by r?
9
Let h(m) = -m**2 + 36*m + 277. Suppose j + 13 = 5*s, -2*s - j + 13 = -4*j. Calculate the remainder when 2/(-4) + 199/s is divided by h(-6).
24
Suppose 3*n + 5698 = 2*t, -4*t + 15825 = -n + 4439. What is the remainder when t is divided by 150?
146
Let y(b) = -b**2 - 11*b + 59. Suppose 0 = 13*v - 736 - 278. What is the remainder when v is divided by y(-14)?
10
Suppose -196 = -25*b + 354. Calculate the remainder when 170 is divided by b.
16
Suppose 0*y = 4*y - 92. Calculate the remainder when y is divided by -14 - 624/(-26) - -5.
8
Let s = 2 - -55. Calculate the remainder when s is divided by (-5300)/(-350) + -2*(-2)/(-28).
12
Suppose -3*o + 57 + 27 = 0. Calculate the remainder when o is divided by 6/(156/(-91))*(4 - 2)*-1.
0
Let m(i) = i**2 + 10*i - 4. What is the remainder when 9/(-2)*(-13)/((-104)/(-368)) is divided by m(3)?
32
Suppose 12046 = 4*p + 3*q, 0*q - q = -2*p + 6008. What is the remainder when p is divided by 10?
7
Let f = -11708 - -11754. Calculate the remainder when 3264 is divided by f.
44
Suppose 2*m = -2*m + 600. Let t(j) = j**3 + 39*j**2 - 869*j - 98. What is the remainder when m is divided by t(16)?
72
Let u(f) = 4*f**2 - 447*f - 3711. What is the remainder when u(-8) is divided by ((-29)/(-4))/(1/4)?
5
Suppose -3*q + 2*o + 12 = 5, 4*q = -4*o + 16. Suppose -7*h = a - 10*h + 4, -5*a + q*h + 28 = 0. Let p = -3 - -17. What is the remainder when p is divided by a?
6
Suppose 5*z - 3*n - 855 = 0, -4*z + 274*n - 278*n + 684 = 0. What is the remainder when z is divided by 87?
84
Let m be (-5)/90*-4*981. Let l = 273 - m. What is the remainder when 329 is divided by l?
54
Suppose w = -1120 + 1199. Suppose 3*s - 3 = 0, -3*t + 4 = s - 33. Let u = 40 - t. Calculate the remainder when w is divided by u.
23
Suppose -1388 = 505*z - 5582 - 21561. Let v = -13 + 32. What is the remainder when z is divided by v?
13
Suppose 232 = u + g, -92 - 836 = -4*u + 4*g. Let p = 290 - u. What is the remainder when 112 is divided by p?
54
Suppose -158 = -20*g + 18*g + 2*t, 4*t = -g + 59. Calculate the remainder when 207 is divided by g.
57
Let r = 90 - 50. Calculate the remainder when r is divided by ((28/8)/1*-6)/(135 + -136).
19
Let z = 25 - 20. Suppose 22 = -2*w + 6*w - 2*x, -z*w = 3*x - 22. Suppose -4*v + 32 = w*t, 2*v - v = -4*t - 3. What is the remainder when v is divided by 7?
6
Suppose -52 = 4*s - 2024. Suppose -494*d = -s*d - 19. Calculate the remainder when 25 is divided by d.
6
Suppose -7*b - a + 181 = -301, 3*b - 250 = 5*a. What is the remainder when 124 is divided by b?
54
What is the remainder when 24/2 - (-314615)/445 is divided by 194?
137
Let i(y) = 887*y**2 - 9*y + 1. What is the remainder when i(-1) is divided by 90?
87
Let z = -216 + 232. Calculate the remainder when 239 is divided by 3 + -9 + 2 + z.
11
Suppose -4*v - v + s = -141, 4*v = -s + 111. What is the remainder when 60 is divided by (-6707)/(-247) + 2 + v/(-13)?
6
Let a(s) = -s**3 + 13*s**2 + 3*s - 21. Let j be a(13). Suppose -j*h + 11*h + 784 = 0. Let b = -1 + 24. What is the remainder when h is divided by b?
20
Suppose -l - 111 = -3*l - 97. What is the remainder when 296 is divided by l?
2
Let v = 9842 + -9507. What is the remainder when v is divided by 16?
15
Suppose 2*n + 2*r - 2 = 0, 2*n - 3*r = -n + 15. Suppose -4*g + 2568 = -g - n*y, -2 = -2*y. Calculate the remainder when g is divided by 26.
25
Let x = -2420 + 2507. What is the remainder when 1477 is divided by x?
85
Let h = 4242 - 4174. What is the remainder when 9313 is divided by h?
65
Let x be 0/(-18) + (-2058)/(-1). Suppose 8*p - 530 = -x. Let i = p - -273. What is the remainder when i is divided by 12?
10
Let g = -9684 - -9745. What is the remainder when 4263 is divided by g?
54
Calculate the remainder when 18 - 668*19/(-19) is divided by 222.
20
Let w = 5138 + -4914. Calculate the remainder when w is d